 y(0). Suppose p*o = -3*o + 1602. Suppose -5*f + 3*r + 460 = 0, 4*r - o = -2*f - 57. Is f a prime number?
False
Suppose -5*o - 48 = -6*o. Let d be (4 + o)/(-4 + 3). Let s = 213 + d. Is s a composite number?
True
Let w(p) = 110*p + 13. Suppose -37 = -2*i + 135. Let j be 2/(-14) + i/(-28)*-2. Is w(j) prime?
True
Let x be (-46)/(-207) + 2*14334/27. Is x/27*(-153)/(-6) prime?
False
Let w = 16641 - -193736. Is w a prime number?
False
Let r = -2330 - -59355. Is r/30 + 4/24 a composite number?
False
Suppose k - 9 = m + m, -21 = k + 4*m. Let o be 1/((-1 - k) + 2/(-854)). Let u = 976 - o. Is u prime?
False
Let v be 24199/35 - 4/10. Suppose -4*d + 5704 = 152. Let p = d - v. Is p prime?
False
Suppose 0 = -2*q + 3*q + 2109. Let a = 8777 - 4923. Let s = q + a. Is s composite?
True
Let l = 68 - 48. Suppose 19901 = l*y - 13*y. Is y a composite number?
False
Let c be (10/(-8) - 429/(-52))/1. Is 181*c - 138/23 composite?
True
Let g(y) = -y**2 - 39*y - 353. Let o be g(-15). Let l be ((-2)/(-6))/((-2)/(-18)). Suppose 0 = -l*b + o*b - 1068. Is b a prime number?
False
Let f(z) = 4*z + 16. Let j(y) = -y. Let n(v) = -2*f(v) - 6*j(v). Let t be n(-18). Is 266/t + 1/2 composite?
False
Let h(m) = -m**3 + 5*m**2 - 13*m + 14. Let b = -63 + 73. Let o be h(b). Let w = o + 2265. Is w prime?
False
Suppose 5*q - 1508276 = -3*w, q - 7137 = 5*w + 294535. Is q prime?
True
Suppose 4*z + 14 = 5*q, 2*z + 2*z - 22 = -q. Let k = 27370 - 15364. Suppose -q*h - 1200 = -k. Is h prime?
True
Let q(p) = 17*p**3 - 21*p**2 - 2*p + 19. Let a(z) = -9*z**3 + 11*z**2 + z - 10. Let i(g) = 5*a(g) + 3*q(g). Let t = 12 - 6. Is i(t) prime?
True
Let c(b) = 13*b - 2099. Let h(t) = -7*t + 1049. Let x(n) = -6*c(n) - 11*h(n). Let j = -165 - -165. Is x(j) composite?
True
Let x(f) = 356*f + 23. Suppose 0 = 4*t - 5*t + b + 8, t - 2*b - 10 = 0. Is x(t) a prime number?
False
Let p = -844 - -860. Let d(r) = 9*r**2 - 45*r - 10. Is d(p) prime?
False
Let y be 0/(-2 - -3) - -6186. Suppose -3*w = w - 2*g + y, -3*g - 4662 = 3*w. Let v = w + 3438. Is v composite?
False
Let z(h) = -2*h + 1. Let d be z(-2). Suppose 7 = -81*s + 86*s + 2*v, 0 = -3*s + 3*v + 21. Is (d - -1167) + s - 4 a composite number?
False
Suppose 7*u - 2598083 = 2628978. Is u composite?
False
Let n be (-4)/((-12)/(-15)*-1). Suppose -20 = n*r, -5*h - 4*r - 734 = -6*h. Suppose 6*p - 9940 = -h. Is p a composite number?
True
Suppose 16*i = 12*i + 4, 3*b - 673631 = 4*i. Is b a composite number?
True
Let q(y) = y - 4. Let i be q(-3). Is (i/(-6) - (-12)/(-8))*-4722 composite?
True
Let o(u) = 3094*u - 2553. Is o(10) a prime number?
True
Let c be 9/9*((-101964)/3)/(-2). Suppose -10*f = -20976 - c. Is f a composite number?
False
Suppose 3*p + 7 = 151. Suppose 46*y - p = 44*y. Suppose 67 = 7*u - y. Is u a composite number?
False
Is (10 - 18)/(-8)*3877 composite?
False
Let q(d) = -344*d**3 + 75*d**2 - 4*d - 7. Is q(-12) prime?
False
Let v = -104892 + 181073. Is v composite?
True
Let k(g) = 12*g**2 - 18*g + 1. Suppose -2*w + 4*b = -42, -34 = -5*w - 2*b + 47. Is k(w) a prime number?
True
Suppose -16 = k - 4*u, -6*k = -7*k + 5*u - 21. Suppose -2*s - 5 = k*p + 1, s + 4*p + 9 = 0. Is 3/((-3)/(-260)) - s a prime number?
True
Suppose -4*d - 16 = 0, 4*u - 227630 = 3*u - 5*d. Suppose -3330 - u = -20*b. Is b a composite number?
False
Let p = -24 + 26. Suppose 0 = p*i + 70 + 18. Let f = i - -50. Is f a prime number?
False
Let i(o) be the first derivative of -o**4/4 - 2*o**3 + 4*o - 14. Let d be i(-6). Suppose -2*m + 5123 = -3*z, m + 5118 = 3*m - d*z. Is m a prime number?
False
Let q be 205/82 + ((-3)/(-2))/3. Suppose q*b - 24 = 2*u, b + 3*b = -5*u - 14. Let w(y) = -4*y**3 + 10*y**2 + 8*y - 11. Is w(u) prime?
False
Suppose 10041235 - 3291520 = 21*u. Is u a composite number?
True
Let b = 244 + -240. Suppose i + 2*a - 4563 = 0, 9118 = -4*i + 6*i - b*a. Is i a composite number?
False
Suppose 16*p - 10*p + 11826 = 0. Let v = 2950 + p. Is v a composite number?
True
Suppose 3*n - 10087 = -2098. Suppose 0 = 243*p - 222*p + 37758. Let j = p + n. Is j composite?
True
Is ((-168709)/(-6) - 2)/((-348)/72 - -5) prime?
True
Let f(i) = -i**3 - 12*i**2 - 11 + 1 + 19*i**2 + 5*i + 22*i**2. Let q be f(9). Suppose 5*m - q = -0*m. Is m a composite number?
False
Let k(t) = -15*t**2 - 4. Let o be k(-2). Let r = o + 66. Suppose s = r*m + 1255, s - 3*m - 2*m = 1252. Is s a composite number?
True
Suppose -h - 33 = 3*q - 4, 4*q = -2*h - 52. Let z be (h/6)/((-3)/(-63)). Is (-40)/z - (-18427)/7 composite?
False
Suppose -2*q + 16 = 2*q. Let d = -11 - q. Let c = 74 + d. Is c a prime number?
True
Let i(j) = 123*j**2 + 23*j - 41. Suppose -69*p = -57*p - 108. Is i(p) a composite number?
True
Let d = 105967 - -25832. Is d a prime number?
False
Let g = 115 + -64. Suppose g - 47 = 2*i. Suppose 5*o - 20311 = -i*x - 1500, x + 7519 = 2*o. Is o a prime number?
True
Let z(p) = -18*p**3 + 2*p**2 + 2*p + 13829. Is z(0) prime?
True
Let p(r) = 22*r**2 - 6*r - 773. Is p(-27) prime?
True
Let c(u) = -u + 3 + u**3 - 6*u + 3 + 0 + u**2. Let b be c(-4). Is ((-138)/2)/(6/b) a prime number?
False
Let d(r) = 884 - 920*r - 879 - 1236*r. Is d(-6) a composite number?
False
Let n = -595 + 601. Suppose 3*u - 1450 = -5*h, 7*h - n*h - 313 = 4*u. Is h prime?
True
Suppose 4*c = 231750 + 104414. Is c prime?
False
Let c = -84 + 49. Let s = -30 - c. Suppose s*h - 14400 = -5*w, 2*w - 5*w - h = -8642. Is w prime?
False
Suppose -4*f + 782184 = -4*x, -48024 = 3*f + 5*x - 634718. Is f a prime number?
False
Let v = -9977 - -15698. Let d = v + -3091. Suppose -2*o = -6*p + p - 1749, 3*o = p + d. Is o a prime number?
True
Suppose -6*r = -2*d + 1258580, 5*d - 6*r = -2*r + 3146417. Is d composite?
False
Is 14/154 + 34/(-132) + (-15863601)/(-18) composite?
False
Is ((-9)/(-36))/(-3*(-2)/9696168) composite?
True
Let n be -9*525054/(-10) + (-10)/(-25). Is n/161 - 6/69 a prime number?
False
Suppose 4*a = -2*b + 17564, 5*b - 39861 - 4085 = 2*a. Let s = b - 1971. Is s a composite number?
True
Suppose -5*h + 6*h = 3. Let i(v) = 23*v**2 - 4*v**3 + 53 - 24*v**2 + h*v**3 - v. Is i(0) a composite number?
False
Let a = 85 + -90. Let j be (-1)/a*1 - (-87)/15. Suppose -9037 = -j*b - 2491. Is b a composite number?
False
Suppose -7*t + 2896 = -2*z - 18573, 4*z = -5*t + 15297. Is t a prime number?
False
Let m(t) = -t**3 - 9*t**2 - 18*t + 79. Let y(j) = 3*j**3 + 28*j**2 + 52*j - 236. Let u(q) = 8*m(q) + 3*y(q). Is u(17) a composite number?
True
Suppose 8 = -y + 29. Let z be (-3)/y*1 - 27470/(-14). Suppose -4*s + 1906 + z = 0. Is s a prime number?
True
Suppose 896 = x + 3*g, -5*x + g + 1778 = -3*x. Let d be 15 + -18 + (0 - -8). Suppose -d*a = 4*n - 895, -4*n + x = 5*a + n. Is a composite?
True
Let t(z) = z**2 - 27*z - 24. Let q be t(28). Suppose 2*x + q*r = -2*x + 11296, 11301 = 4*x + 5*r. Is x a prime number?
True
Let z(t) = 4*t + 12. Let g be z(-8). Let f(y) = y**2 - 5*y - 85. Let o be f(-7). Is (3748/g + 6)*5/o a composite number?
False
Suppose -49*n + 76*n + 63*n - 445510350 = 0. Is n prime?
False
Suppose 96*c = 118*c + 63492. Is (-6 - -7) + (-3 - c) + 3 composite?
False
Let w(t) be the third derivative of 0*t + 1/6*t**3 + 0 - 1/30*t**5 - 1/24*t**4 - 557/120*t**6 - 7*t**2. Is w(-1) a prime number?
True
Let q = -28441 + 50247. Suppose 21*h - 3373 = q. Is h prime?
False
Is ((-138556)/(-12))/11*3 composite?
True
Let x be (-6)/(-9) + (-26)/(-6). Suppose -x*w + 96 = w. Suppose w*q - 323 = -q. Is q a composite number?
False
Let o(p) = -2*p**3 + p**2 + 4*p + 4. Let i be o(-2). Suppose -r - 22 = -4*x, -r - 3 = -x + i. Is (-4190)/r - (-4)/18 prime?
True
Suppose -33*w + 11 = -154. Suppose 0*f - 4*f + 1153 = 3*z, -4*f + 1911 = w*z. Is z a composite number?
False
Suppose -10*l = -8*l - 40. Is (5*1912/l)/(4/38) a prime number?
False
Suppose 927961 = 67*s - 62*s + 4*m, -2*m = 2. Is s a prime number?
True
Let v = 12173 + -3832. Is v a composite number?
True
Suppose -5*y - 5*v + 369639 = -60331, -15 = -5*v. Is y a composite number?
False
Suppose 4*s = 3*s + 4*x + 56155, 2*s + 5*x = 112349. Is s a composite number?
False
Suppose -2*r + 329033 = r + n, n - 438712 = -4*r. Is r prime?
False
Let s(u) = -2*u**3 - 57*u**2 + u - 55. Let j be s(-33). Suppose -8*c = -6*c + 4, -c + j = 5*d. Is d composite?
True
Is 3871490/4 + (-86)/(-172) a prime number?
True
Suppose -140*j + 2*u + 1186694